tors of 78743240?
2, 5, 1968581
What are the prime factors of 191027512?
2, 13, 23, 79861
What are the prime factors of 343602755?
5, 41, 1676111
List the prime factors of 5643654399.
3, 209024237
What are the prime factors of 250515302?
2, 431, 290621
List the prime factors of 430826763.
3, 211, 680611
What are the prime factors of 965997339?
3, 937, 343649
List the prime factors of 37731076.
2, 9432769
What are the prime factors of 2411272395?
3, 5, 7, 850537
What are the prime factors of 1372197895?
5, 7529, 36451
What are the prime factors of 98047190?
2, 5, 1567, 6257
What are the prime factors of 953565505?
5, 190713101
List the prime factors of 522724984.
2, 1321, 49463
What are the prime factors of 73026774?
2, 3, 4057043
List the prime factors of 506617630.
2, 5, 2879, 17597
List the prime factors of 617096654.
2, 308548327
What are the prime factors of 1983143901?
3, 163, 193, 21013
List the prime factors of 326738233.
31, 79, 133417
List the prime factors of 18796070.
2, 5, 1879607
List the prime factors of 189050830.
2, 5, 3533, 5351
List the prime factors of 125432036.
2, 31358009
What are the prime factors of 5237681548?
2, 11, 119038217
What are the prime factors of 1059915036?
2, 3, 107, 825479
What are the prime factors of 397141287?
3, 19, 2593, 2687
What are the prime factors of 646274577?
3, 13, 31, 534553
What are the prime factors of 256217096?
2, 32027137
List the prime factors of 857576295.
3, 5, 41, 154937
List the prime factors of 504542861.
504542861
List the prime factors of 2049448917.
3, 593, 1152023
What are the prime factors of 142753766?
2, 71376883
What are the prime factors of 661033205?
5, 7, 131, 144173
What are the prime factors of 153999334?
2, 97, 199, 3989
What are the prime factors of 6066909?
3, 17, 19, 2087
List the prime factors of 8564674.
2, 4282337
List the prime factors of 50969335.
5, 10193867
What are the prime factors of 99715574?
2, 7, 17, 127, 3299
What are the prime factors of 655151113?
23, 28484831
List the prime factors of 34034501.
34034501
List the prime factors of 44126411.
7, 900539
What are the prime factors of 160973714?
2, 11, 17, 430411
What are the prime factors of 2650837416?
2, 3, 79, 1398121
What are the prime factors of 761212067?
7, 11, 19, 520309
List the prime factors of 342608994.
2, 3, 7, 13, 113, 617
List the prime factors of 1229216392.
2, 153652049
What are the prime factors of 91160173?
13, 2153, 3257
What are the prime factors of 17198231?
823, 20897
What are the prime factors of 30109816?
2, 11, 463, 739
List the prime factors of 1623193387.
31, 1689067
What are the prime factors of 3738171095?
5, 101, 163, 45413
List the prime factors of 133336980.
2, 3, 5, 7, 23, 43, 107
What are the prime factors of 1382950551?
3, 67, 677, 10163
List the prime factors of 12854074.
2, 17, 41, 9221
What are the prime factors of 100998001?
13, 89, 87293
What are the prime factors of 14085062?
2, 23, 127, 2411
What are the prime factors of 34995438?
2, 3, 947, 2053
List the prime factors of 90654878.
2, 149, 304211
What are the prime factors of 577823939?
7, 11, 277, 27091
List the prime factors of 3263469344.
2, 331, 308107
What are the prime factors of 3216703217?
7, 13, 35348387
What are the prime factors of 331387228?
2, 89, 930863
List the prime factors of 49211913.
3, 16403971
What are the prime factors of 1034601912?
2, 3, 17, 29, 29147
List the prime factors of 59156955.
3, 5, 11, 13, 29, 317
What are the prime factors of 932811173?
7, 31, 4298669
List the prime factors of 472115077.
7, 67445011
List the prime factors of 1145692825.
5, 45827713
List the prime factors of 383229688.
2, 31, 313, 4937
List the prime factors of 100635085.
5, 20127017
What are the prime factors of 44609392?
2, 47, 137, 433
What are the prime factors of 83843575?
5, 17, 197279
List the prime factors of 118715111.
118715111
What are the prime factors of 621295534?
2, 131, 1163, 2039
What are the prime factors of 2437140265?
5, 7, 109, 137, 4663
What are the prime factors of 1732351342?
2, 79, 10964249
List the prime factors of 1873870822.
2, 191, 4905421
List the prime factors of 1409349338.
2, 43, 293, 55931
List the prime factors of 63839568.
2, 3, 13, 263, 389
List the prime factors of 398111023.
157, 233, 10883
What are the prime factors of 2794122?
2, 3, 59, 877
List the prime factors of 241739826.
2, 3, 151, 266821
What are the prime factors of 186341537?
186341537
List the prime factors of 2349054038.
2, 18223, 64453
List the prime factors of 140027335.
5, 7, 23, 47, 3701
List the prime factors of 6291335106.
2, 3, 7, 7133033
List the prime factors of 577903010.
2, 5, 29, 1992769
What are the prime factors of 564516481?
9859, 57259
What are the prime factors of 3002126550?
2, 3, 5, 3673, 5449
List the prime factors of 739134808.
2, 19, 23, 113, 1871
What are the prime factors of 29009751?
3, 19, 508943
What are the prime factors of 357605937?
3, 13, 1499, 2039
What are the prime factors of 449816821?
17, 26459813
List the prime factors of 31720412.
2, 43, 223, 827
What are the prime factors of 2800874797?
7, 17, 19, 593, 2089
List the prime factors of 3080636262.
2, 3, 11, 109, 349, 409
What are the prime factors of 8303147852?
2, 2075786963
List the prime factors of 192810434.
2, 443, 217619
List the prime factors of 2722531776.
2, 3, 17, 47, 17747
What are the prime factors of 53777596?
2, 17, 131, 6037
List the prime factors of 438008769.
3, 11, 167, 8831
What are the prime factors of 459653925?
3, 5, 619, 9901
What are the prime factors of 30530721?
3, 13, 782839
List the prime factors of 169623340.
2, 5, 1459, 5813
List the prime factors of 20865683.
2713, 7691
What are the prime factors of 1299254?
2, 11, 73, 809
What are the prime factors of 5496470928?
2, 3, 13, 677, 4337
What are the prime factors of 434161528?
2, 2797, 19403
List the prime factors of 204801967.
13219, 15493
List the prime factors of 20130658.
2, 23, 499, 877
List the prime factors of 59383685.
5, 569, 20873
What are the prime factors of 362111850?
2, 3, 5, 347, 773
What are the prime factors of 1334262510?
2, 3, 5, 7, 17, 131, 317
What are the prime factors of 6292793621?
59, 106657519
What are the prime factors of 416212540?
2, 5, 20810627
What are the prime factors of 1587834164?
2, 7, 23, 997, 2473
List the prime factors of 2222515807.
101, 22005107
List the prime factors of 2751493330.
2, 5, 275149333
List the prime factors of 42170965.
5, 17, 547, 907
List the prime factors of 66075838.
2, 17, 149, 13043
List the prime factors of 739532990.
2, 5, 7, 41, 131, 281
What are the prime factors of 511235450?
2, 5, 11, 47, 19777
What are the prime factors of 70855339?
41, 1728179
What are the prime factors of 66690211?
7, 107, 269, 331
List the prime factors of 122305976.
2, 13, 61, 1483
List the prime factors of 289741852.
2, 419, 172877
What are the prime factors of 31726421?
71, 149, 2999
List the prime factors of 4717687931.
11, 428880721
List the prime factors of 4314252181.
587, 1291, 5693
What are the prime factors of 222396707?
13, 353, 48463
What are the prime factors of 104898510?
2, 3, 5, 29, 13397
What are the prime factors of 3182253?
3, 19, 55829
What are the prime factors of 59284099?
7, 107, 79151
List the prime factors of 1095733556.
2, 1039, 263651
What are the prime factors of 41822377?
163, 256579
What are the prime factors of 431976930?
2, 3, 5, 7, 11, 187003
List the prime factors of 9030017.
9030017
What are the prime factors of 1043507651?
17, 251, 244553
List the prime factors of 96885162.
2, 3, 11, 73, 6703
List the prime factors of 6611292416.
2, 25825361
List the prime factors of 786852156.
2, 3, 41, 1599293
List the prime factors of 433104905.
5, 19, 4558999
List the prime factors of 180795404.
2, 41, 1102411
List the prime factors of 5043506732.
2, 11, 691, 165883
What are the prime factors of 205741002?
2, 3, 131, 261757
What are the prime factors of 25215006?
2, 3, 4202501
List the prime factors of 2026641275.
5, 31, 41, 63781
List the prime factors of 3187366089.
3, 1062455363
What are the prime factors of 68471954?
2, 17, 823, 2447
What are the prime factors of 244298716?
2, 37, 1650667
What are the prime factors of 4704290?
2, 5, 470429
List the prime factors of 10221426.
2, 3